alculate r(-2).
-1
Let h(z) = -18*z**3 - z. Give h(1).
-19
Let n(c) = 6*c**2. Give n(2).
24
Let j(r) = -r**2 + 3*r - 3. What is j(2)?
-1
Let x(d) = 2*d**2 - 4*d. What is x(2)?
0
Let o(x) = -x**2 - x - 29. Determine o(0).
-29
Let i(c) = -9*c + 32. What is i(4)?
-4
Let v(l) = -2*l**2 + 64*l + 291. Determine v(36).
3
Let s(o) = -4*o - 44. Determine s(-13).
8
Let s(w) = -17*w - 2. Determine s(-3).
49
Let b(o) = 3*o + 20. Determine b(6).
38
Let h(u) = u**2 + 5*u - 123. What is h(8)?
-19
Let d(t) = t**3 - 7*t**2 + 5*t - 2. Determine d(6).
-8
Let y(u) = -16*u + 4. Calculate y(-5).
84
Let v(g) = -6*g + 17. What is v(3)?
-1
Let a(x) = x + 12. What is a(-8)?
4
Let j(o) = -20*o + 10. Determine j(3).
-50
Let x(t) = 2*t**3 - 10*t**2 + 13*t + 4. Give x(3).
7
Let d(h) = -8*h + 18. Determine d(5).
-22
Let l(g) = -g - 16. Give l(-9).
-7
Let a(n) = n**2 + n - 2. What is a(-5)?
18
Let q(g) = -g**2 + 2*g + 50. Calculate q(8).
2
Let t(g) = -3*g**3 - 17*g**2 - 5*g + 6. Determine t(-5).
-19
Let n(i) = -i**3 + 12*i**2 - i + 5. Give n(11).
115
Let o(c) = -c**3 - c**2 + 5*c - 2. Give o(3).
-23
Let u(l) = -l**3 - l**2 + l - 3. Give u(-2).
-1
Let j(o) = -o - 20. Calculate j(-3).
-17
Let c(f) = 3*f - 4. Give c(1).
-1
Let b(y) = 12*y - 1. What is b(1)?
11
Let w(t) = -t**2 + 16*t + 29. What is w(18)?
-7
Let l(p) = -p**3 - 11*p**2 + 10*p - 14. Give l(-12).
10
Let l(t) = -22*t + 896. Give l(41).
-6
Let y(q) = q**2 - 8*q + 5. What is y(7)?
-2
Let y(k) = 5*k + 36. What is y(-9)?
-9
Let k(u) = u**3 - 7*u**2 + u + 5. Give k(6).
-25
Let y(b) = 3*b**3 + 3*b**2 + 2*b + 3. Calculate y(-2).
-13
Let k(j) = j**3 - j**2 - j + 1. Calculate k(1).
0
Let m(p) = p**3 - 17*p**2 + 12*p + 54. What is m(16)?
-10
Let m(v) = v + 4. Give m(4).
8
Let r(t) = -t**2 - 7*t + 348. Determine r(15).
18
Let r(d) = d**3 - 7*d**2 - d + 1. Calculate r(7).
-6
Let b(k) = -4*k - 75. Determine b(0).
-75
Let h(s) = s**2 - 10*s - 3. Determine h(7).
-24
Let v(t) = 3*t - 2. Determine v(1).
1
Let c(r) = 6*r + 40. What is c(-7)?
-2
Let i(o) = o**3 + 19*o**2 + 48*o + 2. What is i(-16)?
2
Let l(t) = -4*t + 7. Give l(5).
-13
Let f(y) = -47*y + 1028. What is f(22)?
-6
Let n(y) = -y**3 - 7*y**2 + 20*y. Calculate n(-9).
-18
Let n(u) = -4*u**3 + 2*u + 1. Calculate n(-1).
3
Let q(c) = 2*c - 3. Calculate q(4).
5
Let n(q) = -5*q**3 + q + 1. Give n(-1).
5
Let k(z) = -6*z - 36. What is k(-9)?
18
Let x(r) = -7*r - 33. What is x(-5)?
2
Let y(r) = -2*r**3 + 25*r**2 + 10*r + 25. Calculate y(13).
-14
Let w(f) = -3*f**2 - 58*f - 20. What is w(-19)?
-1
Let s(t) = -5*t**2 - t. Give s(-1).
-4
Let o(n) = -n**2 - 2. What is o(-4)?
-18
Let l(y) = -2*y**3 - 3*y**2 + 3*y + 3. Calculate l(-3).
21
Let u(h) = h**3 - 8*h**2 - 13*h - 3. Determine u(9).
-39
Let y(i) = 2*i**2 - 12*i + 12. Give y(5).
2
Let p(c) = 2*c**2 - 3*c. Determine p(-3).
27
Let l(k) = -3*k - 10. What is l(-8)?
14
Let s(o) = -2*o**2 + 30*o - 21. Determine s(18).
-129
Let f(j) = j**3 - 6*j**2 + 7*j - 17. Calculate f(5).
-7
Let r(w) = w**3 + 8*w**2 - 3*w - 18. Give r(-8).
6
Let t(j) = j**3 + 8*j**2 - 8*j + 7. Give t(-9).
-2
Let f(p) = -p**2 + 6. Determine f(0).
6
Let z(h) = 83*h**3 - h**2 + 1. What is z(-1)?
-83
Let d(p) = -p**2 + 9*p + 69. What is d(15)?
-21
Let j(q) = q + 9. What is j(-11)?
-2
Let i(m) = -5*m + 1. Give i(4).
-19
Let t(w) = -32*w**2 + 1. Give t(1).
-31
Let h(d) = d**3 + d + 4. What is h(-2)?
-6
Let l(x) = x**2 + 4*x - 135. What is l(10)?
5
Let y(h) = h**3 - 4*h**2 - 7*h + 1. Give y(6).
31
Let k(q) = 16*q + 46. Give k(-3).
-2
Let k(g) = g**3 + 3*g + 2. What is k(4)?
78
Let h(a) = 8*a + 90. Give h(-11).
2
Let v(r) = -2*r**2 - 15*r - 10. Give v(-7).
-3
Let o(u) = 3*u + 2. Determine o(-5).
-13
Let g(o) = o**2 - 11*o + 32. Determine g(6).
2
Let x(a) = -7*a - 408. Give x(-58).
-2
Let c(j) = j - 6. Give c(6).
0
Let c(g) = -3*g**2 - 3*g - 7. What is c(-3)?
-25
Let c(p) = -p**3 - 5*p**2 + 6*p - 2. What is c(-5)?
-32
Let w(n) = 3*n - 23. Calculate w(6).
-5
Let h(p) = -p**3 + 4*p**2 + 2*p + 11. What is h(5)?
-4
Let v(g) = -g**3 - 2*g**2 + g. What is v(1)?
-2
Let m(t) = -2*t + 43. What is m(30)?
-17
Let j(o) = -o**2 - 22*o - 12. Determine j(-22).
-12
Let w(p) = -4*p**2 - 3*p + 2. Give w(2).
-20
Let b(u) = u**2 - 15*u + 53. What is b(10)?
3
Let p(c) = 2*c**3 - 35*c**2 + 19*c - 32. Determine p(17).
2
Let i(p) = 3*p**3 - 2*p + 9. Give i(3).
84
Let l(v) = 13*v**2 - 47*v - 13. Calculate l(4).
7
Let j(z) = 5*z + 7. Calculate j(-6).
-23
Let q(f) = -f. Calculate q(-8).
8
Let y(n) = -n - 18. Determine y(-10).
-8
Let b(n) = -n**2 - 13*n - 31. What is b(-7)?
11
Let l(f) = -5*f**3 - 2*f**2 - 3*f - 2. Calculate l(-1).
4
Let k(f) = -6*f - 5. Calculate k(-2).
7
Let s(i) = -86*i + 874. Give s(10).
14
Let w(z) = 12*z**2 - 31*z + 31. Give w(1).
12
Let n(h) = -h**3 + 18*h**2 - h + 12. Determine n(18).
-6
Let r(v) = 42*v + 6. Give r(1).
48
Let t(d) = -11*d + 1. Calculate t(14).
-153
Let a(y) = -y**3 + 4*y**2 + 2*y - 6. What is a(4)?
2
Let y(j) = j**3 + 5*j**2 - 4*j + 4. Give y(-6).
-8
Let n(l) = -l - 10. Give n(-8).
-2
Let x(o) = o**2 - 5*o + 8. Determine x(3).
2
Let y(l) = l**2 - 45*l + 99. What is y(43)?
13
Let d(y) = -2*y**2 + 14*y. Give d(7).
0
Let n(d) = -3*d + 1. Calculate n(-3).
10
Let l(h) = -2*h**2 + 5*h + 4. Calculate l(4).
-8
Let y(x) = 33*x**2 + 1. What is y(-1)?
34
Let o(x) = -x**2 + 12*x + 50. Determine o(-4).
-14
Let k(j) = j**2 - 25*j + 53. Determine k(23).
7
Let z(q) = -q**3 + 21*q**2 - 2*q + 44. Calculate z(21).
2
Let l(z) = 3*z**2 + 52*z - 34. Determine l(-18).
2
Let j(g) = 7*g - 8. Give j(1).
-1
Let x(a) = -a**2 - 11*a - 6. What is x(-11)?
-6
Let h(j) = -j**2 + 12*j - 17. Determine h(8).
15
Let g(o) = o**3 - 57*o**2 + 164*o - 94. Give g(54).
14
Let y(n) = -n**3 + 18*n**2 - 19*n + 10. What is y(17)?
-24
Let u(h) = -h**2 - 8*h + 16. Determine u(-12).
-32
Let y(x) = -x**2 + 14*x - 17. Determine y(13).
-4
Let z(a) = -20*a - 3. Determine z(-2).
37
Let g(k) = -k**2 - 14*k - 6. Determine g(-10).
34
Let a(d) = -3*d**2 + 27*d - 30. Give a(8).
-6
Let v(l) = -16*l**2 - 5*l + 6. What is v(1)?
-15
Let t(v) = 11*v**2 + 4*v - 3. Determine t(2).
49
Let f(x) = 4*x**2 + 3*x + 2. What is f(-3)?
29
Let t(u) = -u**2 + 5*u + 3. What is t(5)?
3
Let y(s) = 9*s - 5. Give y(-7).
-68
Let p(o) = -8*o - 5. Calculate p(-2).
11
Let h(v) = -14*v**3 - v**2 + 1. Determine h(-1).
14
Let j(q) = -27*q + 13. Give j(0).
13
Let o(k) = -2*k**2 - 25*k + 2. Calculate o(-13).
-11
Let x(j) = j**2 - j - 21. What is x(0)?
-21
Let j(p) = p**2 - 3*p - 2. Calculate j(3).
-2
Let m(n) = 2*n + 24. Calculate m(-17).
-10
Let n(y) = -y**2 - 8*y - 28. Give n(-8).
-28
Let d(g) = g + 6. Determine d(5).
11
Let w(m) = 22*m - 6. Calculate w(-3).
-72
Let d(f) = -13*f**2. Determine d(-2).
-52
Let v(j) = -13*j + 55. Calculate v(5).
-10
Let r(i) = i**2 - i + 5. Give r(6).
35
Let p(v) = v**2 + 5*v - 3. Calculate p(-6).
3
Let q(u) = -6*u - 3. Determine q(-6).
33
Let g(y) = -2*y + 4. Calculate g(2).
0
Let y(l) = -l**2 + 6*l + 12. Give y(-2).
-4
Let n(k) = k**3 - 8*k**2 - 50*k + 21. What is n(12)?
-3
Let f(x) = x - 15. Give f(-6).
-21
Let m(h) = h - 11. What is m(6)?
-5
Let o(n) = -6*n. Determine o(-6).
36
Let m(c) = -c**3 - 35*c**2 - 32*c + 74. Calculate m(-34).
6
Let r(z) = -13*z - 2. What is r(-2)?
24
Let m(n) = n**2 + 24*n + 2. What is m(-23)?
-21
Let k(t) = 3*t**2 + 8*t + 12. Determine k(-3).
15
Let f(b) = -b**2 - 6*b + 3. Give f(-7).
-4
Let n(x) = -4*x**2 + 48*x - 46. Give n(11).
-2
Let u(q) = 7*q + 86. Determine u(0).
86
Let g(q) = 16*q**3 - q**2 + 5*q - 3. Give g(1).
17
Let c(q) = 14*q - 5. What is c(-9)?
-131
Let i(d) = 2*d**3 + 11*d**2 + 12*d - 7. Give i(-4).
-7
Let q(n) = -5*n + 69. Give q(18).
-21
Let w(h) = 4*h**2 + 10*h - 20. Give w(2).
16
Let g(x) = -14*x - 15. Calculate g(-2).
13
Let n(j) = 8*j**2 - 4*j + 5. What is n(1)?
9
Let s(u) = -u**2 + 8*u - 5. What is s(6)?
7
Let f(p) = 7*p - 13. Give f(8).
43
Let k(z) = -z**2 + 10*z + 43. Give k(11).
32
Let t(m) = -11*m**2 + 56*m. Determine t(5).
5
Let a(z) = 124*z + 369. Calculate a(-3).
-3
Let t(d) = -d**3 - 4*d**2 - 2*d + 1. Calculate t(-2).
-3
Let m(g) = g**3 + 27*g**2 + 6. What is m(-27)?
6
Let q(n) = -11*n + 137. Determine q(12).
5
Let w(n) = 2*n - 23. What is w(4)?
-15
Let m(c) = -c**2 + 9*c - 6. Determine m(8).
2
Let h(f) = -f**3 - 7*f**2 + 2*f + 51. Calculate h(-4).
-5
Let p(